{"id":19,"date":"2020-11-23T22:59:41","date_gmt":"2020-11-23T22:59:41","guid":{"rendered":"https:\/\/transfersiteatempraxis.live-website.com\/?page_id=19"},"modified":"2026-03-27T16:37:07","modified_gmt":"2026-03-27T16:37:07","slug":"gruppenkurse-und-einzelarbeit","status":"publish","type":"page","link":"https:\/\/atemtherapie-wiest.de\/?page_id=19","title":{"rendered":"Gruppenkurse und Einzelarbeit"},"content":{"rendered":"\n<h2 class=\"wp-block-heading\">Die Arbeit in der Gruppe<\/h2>\n\n\n\n<p>Mit einfachen \u00dcbungen im Sitzen, Gehen oder Stehe oder im Liegen wird der Atem bewusst gemacht und belebt. Die k\u00f6rperliche Wahrnehmung wird immer mehr entwickelt. Der Atem ver\u00e4ndert sich hinsichtlich Tiefe und Qualit\u00e4t. Die Gelenke werden durchl\u00e4ssiger. Die Muskeln werden durch feine Dehnungen gekr\u00e4ftigt. Die Atemwelle kann sich im ganzen K\u00f6rper besser ausbreiten.<\/p>\n\n\n\n<p>Die Bewegungen werden im eigenen Atemrhythmus ausgef\u00fchrt und werden von mir, abgestimmt auf die Bed\u00fcrfnisse der Gruppe, verbal begleitet.<\/p>\n\n\n\n<p>Nach der \u00dcbungssequenz k\u00f6nnen eigene Erfahrungen in der Gruppe ausgetauscht werden. Das Reden \u00fcber eine Erfahrung ist ein wichtiger Intergrationsschritt, der im Gehirn stattfindet. So lernen wir etwas \u00fcber uns und andere.<\/p>\n\n\n\n<p>Das \u00dcben in der Gruppe ist sehr hilfreich und f\u00f6rderlich, da alle Teilnehmer gesammelt auf sich und ihren Atem \u00fcben. Im gesch\u00fctzten Rahmen der Gruppe sind neue Erfahrungen m\u00f6glich.<\/p>\n\n\n\n<p>Die \u00dcbungen sind so konzipiert, dass sie leicht zu Hause ge\u00fcbt werden k\u00f6nnen.<\/p>\n\n\n\n<h2 class=\"wp-block-heading\"><strong>Aktuelle Kurse<\/strong><\/h2>\n\n\n<ul style=\"text-decoration:none;text-transform:capitalize;\" class=\"wp-elements-6377231361d0507d7a7d3151eb9a1064 wp-block-page-list has-text-color has-vivid-green-cyan-color\"><li class=\"wp-block-pages-list__item\"><a class=\"wp-block-pages-list__item__link\" href=\"https:\/\/atemtherapie-wiest.de\/?page_id=20\">Wochenkurs Fr\u00fchjahr 2026<\/a><\/li><li class=\"wp-block-pages-list__item\"><a class=\"wp-block-pages-list__item__link\" href=\"https:\/\/atemtherapie-wiest.de\/?page_id=491\">Neu !  Atem-Meditation<\/a><\/li><li class=\"wp-block-pages-list__item\"><a class=\"wp-block-pages-list__item__link\" href=\"https:\/\/atemtherapie-wiest.de\/?page_id=499\">Einzelarbeit<\/a><\/li><li class=\"wp-block-pages-list__item\"><a class=\"wp-block-pages-list__item__link\" href=\"https:\/\/atemtherapie-wiest.de\/?page_id=545\">Neu! vorlesen&amp;erz\u00e4hlen<\/a><\/li><\/ul>\n\n\n<p><\/p>\n","protected":false},"excerpt":{"rendered":"<p>Die Arbeit in der Gruppe Mit einfachen \u00dcbungen im Sitzen, Gehen oder Stehe oder im Liegen wird der Atem bewusst gemacht und belebt. Die k\u00f6rperliche Wahrnehmung wird immer mehr entwickelt. Der Atem ver\u00e4ndert sich hinsichtlich Tiefe und Qualit\u00e4t. Die Gelenke werden durchl\u00e4ssiger. Die Muskeln werden durch feine Dehnungen gekr\u00e4ftigt. Die Atemwelle kann sich im ganzen &hellip; <\/p>\n<p class=\"link-more\"><a href=\"https:\/\/atemtherapie-wiest.de\/?page_id=19\" class=\"more-link\"><span class=\"screen-reader-text\">\u201eGruppenkurse und Einzelarbeit\u201c <\/span>weiterlesen<\/a><\/p>\n","protected":false},"author":2,"featured_media":0,"parent":0,"menu_order":1,"comment_status":"closed","ping_status":"closed","template":"","meta":{"footnotes":""},"class_list":["post-19","page","type-page","status-publish","hentry"],"_links":{"self":[{"href":"https:\/\/atemtherapie-wiest.de\/index.php?rest_route=\/wp\/v2\/pages\/19","targetHints":{"allow":["GET"]}}],"collection":[{"href":"https:\/\/atemtherapie-wiest.de\/index.php?rest_route=\/wp\/v2\/pages"}],"about":[{"href":"https:\/\/atemtherapie-wiest.de\/index.php?rest_route=\/wp\/v2\/types\/page"}],"author":[{"embeddable":true,"href":"https:\/\/atemtherapie-wiest.de\/index.php?rest_route=\/wp\/v2\/users\/2"}],"replies":[{"embeddable":true,"href":"https:\/\/atemtherapie-wiest.de\/index.php?rest_route=%2Fwp%2Fv2%2Fcomments&post=19"}],"version-history":[{"count":12,"href":"https:\/\/atemtherapie-wiest.de\/index.php?rest_route=\/wp\/v2\/pages\/19\/revisions"}],"predecessor-version":[{"id":498,"href":"https:\/\/atemtherapie-wiest.de\/index.php?rest_route=\/wp\/v2\/pages\/19\/revisions\/498"}],"wp:attachment":[{"href":"https:\/\/atemtherapie-wiest.de\/index.php?rest_route=%2Fwp%2Fv2%2Fmedia&parent=19"}],"curies":[{"name":"wp","href":"https:\/\/api.w.org\/{rel}","templated":true}]}}